
-7
Let h(t) = -1206*t - 39862. Determine h(-33).
-64
Let a(w) = w**2 - 2218*w - 20018. What is a(-9)?
25
Let y(b) = 70*b**2 + 627*b + 20. What is y(-10)?
750
Let n(b) = -3282*b**2 - 6776*b - 8. Give n(-2).
416
Let x(p) = 32809*p - 98490. Determine x(3).
-63
Let t(a) = 657*a + 37009. What is t(-55)?
874
Let q(x) = x**3 - 889*x**2 + 5363*x - 36. What is q(6)?
354
Let f(t) = 379*t - 44714. What is f(118)?
8
Let m(h) = -5031*h - 99120. Determine m(-20).
1500
Let t(v) = -3*v**2 + 205*v - 1529. Calculate t(9).
73
Let m(p) = 52*p**2 + 694*p - 93. Give m(-13).
-327
Let k(i) = -i**2 + 1203*i + 61360. Give k(-49).
12
Let u(s) = -2876*s**2 + 28784*s + 55. Determine u(10).
295
Let l(o) = 64*o**2 - 15*o - 154. Give l(-6).
2240
Let x(c) = -1416*c - 203833. Give x(-143).
-1345
Let q(v) = v**3 - 24*v**2 + 67*v - 620. What is q(17)?
-1504
Let t(l) = -11534*l - 542261. Calculate t(-47).
-163
Let n(z) = 3311*z - 16500. Give n(5).
55
Let k(w) = -141*w**2 + 12836*w - 444. Determine k(91).
11
Let i(c) = 460*c + 86980. Determine i(-189).
40
Let y(z) = -153*z + 11052. What is y(71)?
189
Let t(g) = -35*g**2 + 144*g - 395. Give t(9).
-1934
Let m(f) = -13*f**2 - 6332*f - 496. Determine m(-487).
-9
Let k(g) = g**2 + 44640*g - 3622376. Calculate k(81).
25
Let b(i) = i**2 + 237*i - 48190. Determine b(-368).
18
Let d(i) = 97*i - 29018. Give d(274).
-2440
Let d(c) = -215*c + 110193. Determine d(508).
973
Let u(s) = 1496*s - 131655. What is u(88)?
-7
Let v(l) = 18*l**2 - 11881*l - 23764. Determine v(-2).
70
Let j(t) = -16*t**3 + 18*t**2 - t + 3. Give j(2).
-55
Let u(c) = -372*c - 37221. Give u(-98).
-765
Let n(f) = f**3 + 21*f**2 + 270*f + 4402. Calculate n(-19).
-6
Let x(t) = 276*t**2 + 6513*t - 49021. Determine x(6).
-7
Let q(z) = z**2 - 53*z - 2707. Calculate q(81).
-439
Let t(k) = -395*k + 9886. Determine t(16).
3566
Let w(t) = -1256*t + 167179. Determine w(133).
131
Let o(r) = -2*r**2 - 5851*r - 1029320. Give o(-188).
-20
Let g(t) = -31*t**2 - 827*t - 2189. Determine g(-3).
13
Let l(a) = -186*a + 5672. Give l(30).
92
Let g(v) = 6*v**2 + 84*v + 631. Calculate g(-6).
343
Let g(l) = -l**3 + 136*l**2 + 20401*l - 2776171. Determine g(137).
-3
Let k(q) = -877*q + 72017. Calculate k(82).
103
Let t(y) = -6*y**2 - 1644*y + 863. Give t(-275).
-787
Let r(z) = -6*z**2 - 225*z + 11860. Calculate r(-67).
1
Let v(f) = -18*f**3 - 34109*f**2 + 1905*f + 18958. Give v(-1895).
8
Let w(g) = g**3 - 3*g**2 + 122*g - 452. Calculate w(4).
52
Let i(z) = 23*z**2 + 18834*z - 21347. Calculate i(-820).
-27
Let f(r) = 13*r**2 + 2015*r + 333. Determine f(-155).
333
Let q(n) = -24612*n + 147484. What is q(6)?
-188
Let w(i) = i**3 + 11028*i**2 - 232021*i - 184. Calculate w(21).
-16
Let q(l) = l**2 + 273*l - 16313. Determine q(50).
-163
Let y(u) = -u**3 - 95*u**2 - 71*u + 2178. What is y(-94)?
16
Let v(g) = g**2 - 26*g - 3107. Determine v(69).
-140
Let w(k) = 2*k**3 + 89*k**2 + 6298*k + 275192. Calculate w(-44).
16
Let g(m) = -20*m**3 + 403*m**2 - 8*m - 1048. Determine g(20).
-8
Let r(i) = -53432*i + 1442622. Calculate r(27).
-42
Let b(g) = g**3 - 133*g**2 + 2364*g - 7. What is b(21)?
245
Let p(u) = 136*u - 33700. Give p(248).
28
Let p(s) = 105022*s + 1575291. What is p(-15)?
-39
Let g(x) = -5172*x + 424100. Calculate g(82).
-4
Let a(v) = -29*v**2 - 97*v - 184. Determine a(-2).
-106
Let o(b) = 3*b**2 + 12869*b - 25740. Calculate o(2).
10
Let u(p) = -22322*p + 1227706. Calculate u(55).
-4
Let w(m) = m**3 + 400*m**2 - 3264*m + 178. Give w(-408).
178
Let j(f) = -1938*f + 265511. Determine j(137).
5
Let m(q) = -2284*q - 139825. Calculate m(-62).
1783
Let h(u) = -u**3 - 82*u**2 + 527*u - 289. Give h(-88).
-201
Let x(q) = -4*q**3 + 19*q**2 - 10*q + 72. Give x(6).
-168
Let y(r) = -132*r**2 + 1394*r + 621. Determine y(11).
-17
Let b(d) = -295*d - 21950. Calculate b(-75).
175
Let l(k) = 460*k**2 + 13393*k + 1489. Calculate l(-29).
-48
Let c(b) = 1868*b - 78506. Give c(42).
-50
Let i(l) = -8*l**2 + 490*l + 28003. Determine i(-36).
-5
Let h(g) = 50937*g + 916857. Calculate h(-18).
-9
Let m(x) = -x**2 - 5889*x - 2537046. What is m(-468)?
-18
Let w(k) = 7320*k + 761276. What is w(-104)?
-4
Let t(b) = 7*b**2 - 25*b - 3483. What is t(22)?
-645
Let w(c) = 2768*c - 293408. What is w(106)?
0
Let d(w) = 177405*w - 532217. Calculate d(3).
-2
Let p(y) = 13358*y + 2685025. Calculate p(-201).
67
Let w(y) = -y**3 + 37*y**2 + 142*y - 3764. Calculate w(38).
188
Let z(g) = 6*g**3 + 932*g**2 - 625*g - 151. Determine z(-156).
5
Let h(n) = 164*n**2 + 1152*n - 3. Give h(-7).
-31
Let r(o) = -o**3 + 129*o**2 - 967*o - 102. Determine r(121).
19
Let u(a) = -11*a**2 + 7897*a - 7898. Determine u(1).
-12
Let r(k) = 953*k**2 - 138186*k + 317. Give r(145).
172
Let k(w) = -29263*w - 114538. Calculate k(-4).
2514
Let m(x) = -x**3 - 89*x**2 - 793*x - 88710. Calculate m(-91).
15
Let z(b) = 13*b**2 + 849*b - 30865. Give z(26).
-3
Let m(f) = 21*f**3 + 212*f**2 + 38*f + 385. Determine m(-10).
205
Let z(b) = -b**3 + 34*b**2 - 880*b + 33887. Calculate z(36).
-385
Let j(y) = 7100*y + 12375295. Calculate j(-1743).
-5
Let s(h) = 9123*h + 119696. Determine s(-13).
1097
Let v(d) = -2989*d**2 - 134475*d + 1361. Calculate v(-45).
11
Let s(d) = 5*d**3 - 68*d**2 + 261*d - 7. Give s(4).
269
Let l(f) = 9199*f + 3458916. Determine l(-376).
92
Let a(x) = -42*x**2 + 7032*x - 2989. What is a(167)?
17
Let a(y) = -387*y - 12782. Calculate a(-34).
376
Let k(l) = -l**3 + 27*l**2 + 119*l + 320. Give k(19).
5469
Let x(d) = 3*d**3 - 10*d**2 - 1229*d + 7418. Determine x(6).
332
Let b(q) = -7*q**2 + 1163*q - 54. What is b(166)?
112
Let t(r) = -r**2 - 481*r - 15773. Give t(-35).
-163
Let x(n) = 7*n**3 - 1009*n**2 - 33737*n + 83. Give x(-28).
-1
Let l(u) = 15*u**2 - 11435*u - 80773. Calculate l(-7).
7
Let z(m) = -39*m**3 + 756*m**2 + 1522*m - 19. Determine z(-2).
273
Let w(z) = 7*z**2 - 1998*z + 113628. Calculate w(207).
-15
Let w(j) = -13*j**2 + 1832*j + 21883. What is w(152)?
-5
Let h(s) = -s**3 + 1865*s**2 + 11216*s - 45. Determine h(-6).
15
Let j(b) = 18*b**3 - 5850*b**2 + 24*b - 7794. What is j(325)?
6
Let q(o) = 69*o**2 + 86*o + 256. Give q(-3).
619
Let l(i) = 568397*i + 14778327. What is l(-26)?
5
Let w(t) = t**2 + 1212*t - 22105. Determine w(18).
35
Let d(p) = 519*p - 31286. Calculate d(60).
-146
Let f(h) = 119*h + 14165. What is f(-107)?
1432
Let s(a) = 3*a**2 + 294*a + 5865. Determine s(-70).
-15
Let p(o) = 1288*o - 1179807. What is p(916)?
1
Let u(c) = -3*c**3 + 169*c**2 + 349*c - 3439. What is u(58)?
-17
Let q(z) = -z**3 - 18*z**2 + 16*z + 26. Calculate q(-21).
1013
Let g(m) = m**3 + 335*m**2 + 158*m + 166025. What is g(-336)?
41
Let v(z) = 22187*z + 155326. What is v(-7)?
17
Let j(f) = -8937*f - 26653. Calculate j(-3).
158
Let c(j) = -47*j**3 - 3657*j**2 + 700*j - 167. Calculate c(-78).
-11
Let u(p) = 2*p**3 - 4*p**2 - 124*p - 41. What is u(9)?
-23
Let k(u) = -11*u**3 + u**2 - 591*u + 2371. Calculate k(4).
-681
Let k(y) = -27007*y + 648087. Determine k(24).
-81
Let y(i) = 8157*i + 3580915. What is y(-439)?
-8
Let w(m) = -227724*m - 6376271. Determine w(-28).
1
Let c(j) = 3*j**2 + 1251*j + 40141. What is c(-35)?
31
Let u(i) = 29*i**3 - 932*i**2 + 121*i + 210. Determine u(32).
-14
Let l(g) = g**3 + 5*g**2 - 15*g - 9. Determine l(-7).
-2
Let m(v) = -570760*v + 570641. Determine m(1).
-119
Let d(u) = -2*u**2 - 1034*u + 373488. What is d(-762)?
108
Let z(v) = 2130*v - 75956. Calculate z(35).
-1406
Let s(o) = 14792*o - 3017592. Calculate s(204).
-24
Let w(n) = -n**2 + 7041*n + 141386. Give w(-20).
166
Let l(k) = -3362*k + 105072. What is l(31)?
850
Let q(u) = 4936*u + 32918. Calculate q(-7).
-1634
Let p(h) = -h**3 + 315*h**2 - 21261*h - 1068. What is p(217)?
17
Let k(x) = 5945*x + 2027305. Determine k(-341).
60
Let y(d) = 2*d**3 - 447*d**2 + 13646*d + 1016. Calculate y(187).
81
Let p(j) = 28*j**3 - 2461*j**2 - 270*j + 249. What is p(88)?
-279
Let c(j) = 2381*j + 23748. Give c(-9).
2319
Let m(r) = -415567*r - 4155678. Calculate m(-10).
-8
Let w(j) = -189007*j + 4158144. What is w(22)?
-10
Let w(h) = -48*h**3 + 191*h**2 + 232*h - 922. Calculate w(4).
-10
Let p(r) = 201705*r + 605107. Calculate p(-3).
-8
Let l(q) = q**3 + 36*q**2 - 89*q - 150. Calculate l(-38).
344
Let g(h) = -2344*h + 278906. Give g(119).
-30
Let b(w) = -4057*w + 31882. What is b(8)?
-574
Let b(i) = -